1)*(-12)/30. List the prime factors of ((-6)/g)/((-2)/(-72)).
2, 3
Let r(j) = j**2 - j. Suppose -10 - 5 = -5*w. Suppose -4 = w*t - 5*t. What are the prime factors of r(t)?
2
Let o = 0 + 17. What are the prime factors of o?
17
Let y be 2/4*8/(-4). List the prime factors of y + 13 - (1 + -4).
3, 5
Suppose 2*g - 6 = -4*s, 2*g = -2*s + 4*g + 6. Suppose -12 = -z - s. Suppose z*i = 5*i + 50. What are the prime factors of i?
2, 5
Let v = -3 - -2. Let o = 4 + v. Suppose o*f - 36 = -3. What are the prime factors of f?
11
Suppose 2 = 2*w - 4. Suppose 2*b - w - 3 = 0. Suppose b*u - 5*u + 6 = 0. List the prime factors of u.
3
Let c(b) = b**3 - b**2 + b + 12. Let a(r) = -r**3 + 2*r**2 - 2*r + 1. Let x be a(1). Suppose -g - g = x. What are the prime factors of c(g)?
2, 3
List the prime factors of (2 - -1) + 21 - -2.
2, 13
Suppose -2*r = -3*h + 46, 2*h + 2*r + 6 = 30. What are the prime factors of 6/h + 39/7?
2, 3
Let g be (-180)/(-22) + (-18)/99. List the prime factors of 158/4 + 12/g.
41
Let k = 0 - -7. Let t = 0 - -3. Suppose -t*g + k = -5. What are the prime factors of g?
2
Let f = -8 + 0. Let i(r) = -r. Let v be i(6). Let a = v - f. List the prime factors of a.
2
Suppose -17*g + 952 = -3*g. What are the prime factors of g?
2, 17
Let o = 11 + -14. List the prime factors of (-27)/o + 6/6.
2, 5
Suppose 2*t + 105 = -3*h - 2*h, 4*h - 3*t = -61. Let r = h + 31. List the prime factors of r.
2, 3
Suppose 3*i = i + 4*w - 28, -28 = 5*i + 4*w. Let s = -3 - i. Suppose 12 = 2*j - 5*r, 0 = j + s*r + 2 - 8. List the prime factors of j.
2, 3
Suppose 4*i - 9 = -j + 3*i, 17 = 5*j - 2*i. Let s(w) = 4*w**2 - w**3 + 3*w**2 + 3*w - 4 - 2*w**2. What are the prime factors of s(j)?
11
What are the prime factors of -1 - (87/(-5) + 21/(-35))?
17
Let n be (-12)/(-24) + (-158)/(-4). Suppose 5*b - n = -4*i + 33, 0 = i - 3*b + 3. What are the prime factors of i?
2, 3
Let r(a) = -10*a**3 - 7*a**3 + 3*a**2 + 18*a**3 - 2 - 5*a. Let c be r(-4). List the prime factors of 3*4*c/2.
2, 3
Let f(u) = u**3 + 5*u**2 - 5*u + 8. Let k be f(-6). Suppose 0 = k*a - 6 - 16. List the prime factors of a.
11
Let j(x) = 13*x - 8. What are the prime factors of j(3)?
31
Let p = -107 + 364. What are the prime factors of p?
257
Suppose 268 = -4*d - 2*s, -3*d + 5*s = 2*s + 192. Let q be (-2)/(-3)*d/(-4). What are the prime factors of (q - 4/2) + 0?
3
Let w(r) = r**2 - 3*r + 3. Let c = 12 - 7. Suppose -5*n - 5*s = 5, n + c*s = s - 16. What are the prime factors of w(n)?
7
Suppose -5*w - 142 = 2*v, 0 = 4*w + w - 4*v + 166. List the prime factors of w/(-12)*(-32)/(-5).
2
Let h(v) = v**3 - 9*v**2 + 3*v + 3. What are the prime factors of h(10)?
7, 19
Let n(d) = -5*d**3 - 25*d**2 - 19*d + 17. Let z(b) = -2*b**3 - 12*b**2 - 10*b + 8. Let f(k) = 3*n(k) - 7*z(k). What are the prime factors of f(10)?
5
Suppose -3*b - 163 + 566 = 4*r, 4*r - 5*b - 395 = 0. What are the prime factors of r?
2, 5
Let l(p) = -p**2 - 7*p - 2. Suppose -4*g - 16 = 0, 3*g - 7 = 2*x - 29. Suppose -7 = x*u + 13. List the prime factors of l(u).
2, 5
Let a = 80 - 17. What are the prime factors of a?
3, 7
Let n = 80 - -212. What are the prime factors of n?
2, 73
Suppose 3 = -5*v - m, 5*m = -4*v + 2*v - 15. Suppose -4*d + d + 9 = v. What are the prime factors of d?
3
Suppose 8*v = 5*v + 222. List the prime factors of v.
2, 37
Suppose 3*z + 3*j + 39 = 0, -12 = -j + 4*j. What are the prime factors of ((-6)/z)/(2/42)?
2, 7
Let t(n) = 70*n**2 - 3*n - 1. What are the prime factors of t(-1)?
2, 3
Let o(k) be the second derivative of 2*k + 1/3*k**3 - 3*k**2 + 0. What are the prime factors of o(10)?
2, 7
Let d be (12/8)/((-3)/(-4)). Suppose 2 = b - 4*v, d*b + 3*v - 42 + 16 = 0. Suppose 3*j = -4*l + 76, -j = l + 2*j - b. What are the prime factors of l?
2, 11
Let y = -295 + 491. What are the prime factors of y?
2, 7
Let k(y) be the second derivative of 5/6*y**3 - y + 2*y**2 + 1/6*y**4 + 0. What are the prime factors of k(-4)?
2
Suppose 3*h - 39 = 5*j + 24, 2*j = -h + 10. List the prime factors of h.
2
Suppose 5 + 1 = 2*x. Suppose x*p - 7 = 17. What are the prime factors of p?
2
Let z = 80 - 48. Let y = z + -19. What are the prime factors of y?
13
What are the prime factors of 158 - (-2 - 0 - 0)?
2, 5
Let p(a) = -5*a + 6. Suppose -n + 6 = -q, -4 - 6 = 3*q + n. List the prime factors of p(q).
2, 13
Let z be ((-6)/(-9) - 0)*3. Suppose -4*w + z*w + 8 = 0. Suppose -a + 22 = 5*m, 0*m - w = m - 4*a. What are the prime factors of m?
2
List the prime factors of 31/2*(-10)/(-5).
31
Suppose -m + 5*m - 38 = -3*c, 3*m = 15. Suppose 3*r = -2*i + 23 - c, -5 = -r - i. Suppose -7*p = -6*p - r. List the prime factors of p.
7
Suppose 0 = -0*g - 2*g - 14. List the prime factors of (-6)/(-21) + (-26)/g.
2
Let n(k) = -k**3 - 3*k**2 - k - 1. Let g be n(-3). What are the prime factors of (-6 - 3)*(-6)/g?
3
Suppose -w + 3*w = 4. Suppose -v = -5*v + 2*p + 90, -w*v = 4*p - 60. List the prime factors of v.
2, 3
Let z(y) = y**2 - 8*y + 9. Let v be z(7). Suppose v*a = -3*a + 80. What are the prime factors of a?
2
Let u(z) = 2*z - 7. Suppose 4*l - 7*l = 18. Let g be 1*2/(-2)*l. List the prime factors of u(g).
5
What are the prime factors of -9 + 1 + 5 + 153 + -1?
149
Let w = -36 - -12. Let d = -10 - w. What are the prime factors of d?
2, 7
Let z be (-1)/3 + 14/6. Let v(s) = -4*s + s + 0 + 2*s**z + 2. What are the prime factors of v(3)?
11
List the prime factors of (829 - 1)*(-2)/(-4).
2, 3, 23
Suppose -i - 3*q + 32 = 0, -6*q = -q - 25. What are the prime factors of i?
17
Suppose -2*a = -185 - 11. What are the prime factors of a?
2, 7
Suppose 2*t = 3*t - 29. What are the prime factors of t?
29
Suppose -3*m + 5 = 4*l, 2*l + 0*m + 4*m = -10. Suppose -3*k = -2*h - 44, -l*h - 10 = -k + 9. Let g = k - 6. What are the prime factors of g?
2
Suppose 5*q - 43 = 222. What are the prime factors of q?
53
Let f(h) = h**3 - 8*h**2 + 2*h - 10. Suppose 0*x + 24 = 3*x. Let m be f(x). Suppose 20 = m*s - 2*s. What are the prime factors of s?
5
Let g(a) = 40*a**3 + 2*a**2 - 2*a + 1. List the prime factors of g(1).
41
Suppose 0 = -2*r + 249 + 1. List the prime factors of r.
5
Let c(p) = p**2 + 2*p + 8. Let u be c(7). Suppose -14 = 3*x - u. List the prime factors of x.
19
Let m be 8/(-6) + (-88)/24. Let q = m + 22. What are the prime factors of q?
17
Suppose 553 = 4*v + 5*u, 5*v - 5*u - 725 = -0*v. List the prime factors of v.
2, 71
Let f(a) = 2*a**3 + 13*a**2 - 3*a - 6. What are the prime factors of f(-6)?
2, 3
Suppose -5*f + 496 = 3*f. List the prime factors of f.
2, 31
Let z = 1 - 0. Let t be -4*(6/8)/z. What are the prime factors of 9 - 1/(t/6)?
11
Let o = -8 + 10. List the prime factors of 10/3 - o/6.
3
Let j(h) be the second derivative of -h**4/4 - h**3/6 + h**2/2 - 2*h. Let a be j(1). Let u = a - -5. What are the prime factors of u?
2
Let w = 16 - 13. Suppose 0 = 3*p + 88 - 223. Suppose 0*z - p = -w*z. List the prime factors of z.
3, 5
Suppose b = -0*b. Suppose b = -3*y - 1 + 7. Suppose -y*s - 50 = -7*s. List the prime factors of s.
2, 5
Let y = -9 + 6. Let a(l) = 3 + 2*l + 0 - 4*l. List the prime factors of a(y).
3
Suppose 4*n - 2*n = 0. Let h(s) = s**3 + 20. List the prime factors of h(n).
2, 5
Suppose 0 = -7*l + 90 + 652. What are the prime factors of l?
2, 53
Let c(j) = 44*j**2 - 2*j + 1. Let a = -1 + 2. List the prime factors of c(a).
43
Suppose -4*w = 2*z - 2*w - 70, 0 = -z + 4*w + 30. What are the prime factors of z?
2, 17
Let i = 102 - 13. List the prime factors of i.
89
Let g(d) = 15*d - 1. Let r(h) = -14*h. Let z(k) = -3*g(k) - 2*r(k). What are the prime factors of z(-1)?
2, 5
Let d(s) = -3*s - 3. Let g be d(-2). Suppose -32 = -p - g*p. List the prime factors of p.
2
Suppose 2*l - 110 = 30. What are the prime factors of l?
2, 5, 7
Let o be ((-1)/(-3))/((-2)/6). Let h be (o/3)/(4/(-204)). Suppose h = 2*q - 7. What are the prime factors of q?
2, 3
Suppose -33 = -3*d + 4*u - 2, -3*d - 2*u + 43 = 0. Let w = -2 + 5. Let r = d - w. What are the prime factors of r?
2, 5
Let n be 4/(-30) + (-4)/(-30). Suppose -170 = -n*h - 5*h. What are the prime factors of h?
2, 17
Let n(f) = f**2 + 3*f - 1. What are the prime factors of n(2)?
3
Suppose -41 = -c - 0*c. Suppose f = -5*d - 124, 3*d - 5*d = 2*f + 56. Let o = c + d. List the prime factors of o.
17
Suppose 0 = -9*s - 526 + 2974. What are the prime factor